122*p - 974. Let x be o(-8). Let j(g) = -7*g - 13. Let h be j(-9). Suppose x*i = -0*i + h. What is the remainder when 69 is divided by i?
19
Suppose 7 = 2*w + 3*w - 2*a, -3*w - 3*a + 21 = 0. Suppose w*y + 3*d - d = 44, 0 = -d - 2. Let m = -20 - -82. Calculate the remainder when m is divided by y.
14
Suppose 4*g - 2*y - 116 = 2*y, 136 = 5*g + 4*y. Suppose g = o + 26. Suppose n + 31 = p, -105 = -5*p - 7*n + o*n. What is the remainder when 180 is divided by p?
24
Let k = -5 - -7. Suppose -k*x + 5*q = 2*q - 195, -4*q = -2*x + 190. What is the remainder when x is divided by 58/((8/10)/(220/550))?
18
Suppose -115*o + 8301 + 9754 = 0. Calculate the remainder when 3295 is divided by o.
155
Calculate the remainder when (-1110)/4*((-510)/(-45) + -14) is divided by 32.
4
Let x(h) = 16 + 17 - 2*h**2 - h + 4*h**3 + 14 - 45 + h**2. Calculate the remainder when 60 is divided by x(0).
0
Suppose 0 = 9*f + 21*f - 60. Suppose -3*q = -4*p - 980, -f*p - 1265 = -4*q - 5*p. What is the remainder when q is divided by 17?
14
Let g = 548 + 166. Calculate the remainder when g is divided by 174.
18
Suppose 118*y - 124552 - 121360 = 0. What is the remainder when y is divided by 33?
5
Suppose 8*o - 152 = 400. Let v be o*(-9)/(135/10). Let y = 79 + v. What is the remainder when y is divided by 18?
15
Let x(u) = 2*u + 37. Let t be x(-8). Let l = 25 - t. Suppose 0 = -10*o + l + 306. Calculate the remainder when o is divided by 7.
3
Let t(a) = 3*a + 1. What is the remainder when (6/4)/(((-4862)/(-64))/(-11) - -7) is divided by t(2)?
2
Let d be (-14482)/(-39) - 3*(-8)/36. Let w = d + -347. What is the remainder when w is divided by 17?
8
Let t = 488 + -425. Suppose 0 = -2*y + 5*z + t, 91 = 3*y + 3*z + 28. What is the remainder when y is divided by 17?
7
Calculate the remainder when 245 is divided by 185/10*(14 - 72/6).
23
Suppose 380*h = 386*h - 198. Calculate the remainder when 427 is divided by h.
31
Let j(h) = -2*h**2 + 15*h - 23. Let r(k) = -k**2 + 2*k. Let n(t) = j(t) - 5*r(t). Calculate the remainder when n(8) is divided by 59.
32
Suppose -57 = -x - 13*v + 10*v, 4*v - 263 = -5*x. Suppose -4*o + 109 = -x. Calculate the remainder when o is divided by 22.
18
Suppose 207 = i - 2*w, 2*i + w - 435 = 2*w. What is the remainder when 1096 is divided by i?
212
What is the remainder when (1 - -650) + 65/(-91)*(-1 + 8) is divided by 200?
46
Suppose 2*v = 2*d + 52, 5*v - 102 = -d - 2. What is the remainder when 59 is divided by v?
17
Let q(r) = -1. Let z(a) = -12*a. Let i(s) = 8*q(s) + z(s). Let v be -3 - (5 + -8)/(0 - 1). What is the remainder when i(v) is divided by 22?
20
Let q be 1 + (-9235)/(-45) - (-2)/(-9). Suppose 0 = -4*k + 322 - q. What is the remainder when 34 is divided by k?
5
Let d = 48 + -33. Suppose 0*s = 3*s - 117. What is the remainder when s is divided by (11 + -10)*(d - 3/3)?
11
Suppose 32 - 37 = -5*p. Suppose 128 = -19*n + 51*n. Calculate the remainder when n is divided by p.
0
Suppose 3*h + 558 = 12*h. Suppose h*d - 126 = 680. Calculate the remainder when 244 is divided by d.
10
Let p(h) = -3*h**2 - h - 169. Let z be p(0). Let m = z - -203. Calculate the remainder when 127 is divided by m.
25
Suppose x = -2, 0 = 4*t + 5*x - 90 - 16. Let l(u) = u**2 - 32*u + 113. Let b = -411 - -443. What is the remainder when l(b) is divided by t?
26
Calculate the remainder when (1 - 3) + 91/1 is divided by (-96)/(13 - 25) + 11.
13
Let v(z) = 5*z - 4. Let q(i) = i**3 + 6*i**2 - 55*i + 34. Let h be q(11). Calculate the remainder when 10/(-65) + h/26 is divided by v(5).
15
Let u(h) = -h**3 - 3*h**2 + h + 20. Let w be u(-9). Suppose 378 = 25*k - w. Calculate the remainder when 69 is divided by k.
34
Let w(g) = -28*g - 33. Suppose j = -4*y - 18, -2*j + 3*y + 21 = -4*j. What is the remainder when w(j) is divided by 28?
23
Suppose 5*t - 4*t = 5*t. Suppose 5*a - 31 + 6 = t. Suppose 0 = -2*r - 4*z + 54, 0*z + 5*z + 165 = a*r. Calculate the remainder when r is divided by 13.
5
Suppose -490 = -3*n + h, 0 = 2*n - h + 4*h - 312. Let x = n - 144. What is the remainder when x is divided by 5?
3
Let p = 70 - 42. Suppose -15 - 7 = 11*r. What is the remainder when 109 is divided by p/(-10)*(-2 + r + -6)?
25
Let q(o) = 1223*o - 8477. Calculate the remainder when q(15) is divided by 139.
138
Suppose -5*d = -127*d + 4026. What is the remainder when 1338 is divided by d?
18
Let p(d) = 11*d - 88. Let r be p(8). Suppose 11*a - 9*a = -5*s + 119, r = -5*s - 15. Calculate the remainder when a is divided by 16.
3
Let l(m) = 303*m + 63. Let v be l(4). Suppose -4*n + z + v = -101, -355 = -n + 3*z. Calculate the remainder when n is divided by 15.
13
Suppose 378*i - 370*i = -2*q + 8096, 0 = i - 2*q - 1012. Calculate the remainder when i is divided by 26.
24
Let v = 3763 - 2653. Suppose 296*o - v = 291*o. What is the remainder when o is divided by 25?
22
Let l(b) be the first derivative of -5*b**2/2 + 40*b - 195. What is the remainder when l(5) is divided by 9?
6
Let b = -756 + 1599. Suppose -730 = -11*w + b. Calculate the remainder when w is divided by 70.
3
Suppose -2*g = -m + 6*m - 172, 3*g = 12*m - 405. What is the remainder when ((-65)/2 - 2)/((-9)/30) is divided by m?
13
Suppose -1773*w + 1782*w = 216. What is the remainder when 516 is divided by w?
12
Suppose 89*w = 46*w + 4214. What is the remainder when 349 is divided by w?
55
Let w(q) = 10 + 3 + q**2 + 4 - 3 - 11*q. Calculate the remainder when 1/(((-2)/(-4))/((-55)/(-2))) is divided by w(11).
13
Suppose z - z = -18*z. Suppose 0 = -0*d + 5*d. Suppose -m + 17 = -z*v - 3*v, d = 3*v + 9. What is the remainder when 125 is divided by m?
5
Let r(c) = c**2 - 10*c - 19. Let a be r(-2). Suppose 0 = -5*t - 4*u + 164, 3*t - 65 - 63 = a*u. Calculate the remainder when 105 is divided by t.
33
Let s = 350 - 183. Suppose -5*b = -5768*g + 5764*g - 200, 0 = -4*b - 2*g + 186. What is the remainder when s is divided by b?
35
What is the remainder when 291 is divided by 45 + ((-40)/10 - -6)*(-6)/4?
39
Let n be -8*((-24)/(-36) - 3/18). Let r(s) = 5*s - 2 + 4 + s**3 + 3*s**2 + 3*s**2. Calculate the remainder when 25 is divided by r(n).
11
Let u(r) = -r**3 - r**2 + 2*r - 2. Let j be (-5)/(-20) + (-70)/(-8). Suppose k - 6 = -j. What is the remainder when 16 is divided by u(k)?
6
Let o(z) = z**2 + 236*z + 1400. What is the remainder when 7839 is divided by o(-6)?
19
Let z(i) = i**2 + 1. Let y(s) = 39*s**2 - 4*s + 3. Let g(x) = y(x) - 5*z(x). Let j be g(-1). Calculate the remainder when 43 is divided by j/8*(-3)/9*-8.
7
Suppose 4*k + 84 = 5*o, 3*o - 24 = -5*k + 19. Let f(h) = 3 - 12*h**2 + 13*h**2 - o*h + 3*h. Calculate the remainder when 12 is divided by f(13).
0
Let d(o) = 5*o**2 + 5*o + 7. Suppose 0 = 5*x - 18 - 2. Let f be -4 - (-6 + x) - 1. What is the remainder when d(f) is divided by 13?
11
Let p = 35588 - 35350. Calculate the remainder when 719 is divided by p.
5
Suppose -3*a - 32 = -50, -4*z + 3*a + 29514 = 0. What is the remainder when z is divided by 89?
85
Let g(r) = -r**2 - 8*r + 321. Suppose y + 26 = 4*n, -28 = 3*y - 3*n + 77. Let c = y + 74. What is the remainder when c is divided by g(14)?
10
Calculate the remainder when 450 is divided by 3 - 6*3/(-2)*(145 - 144).
6
Let g(h) = -2*h**2 + 91*h + 72. What is the remainder when g(41) is divided by 209?
23
Let d = -346 + 353. Suppose d*k - 269 = 88. Suppose -3*v + 44 = 4*t, -2*v + 1 - 12 = -t. What is the remainder when k is divided by t?
7
Let r = 3075 - 2995. Calculate the remainder when 972 is divided by r.
12
Let y(r) = r**3 + r**2 - 6*r - 17. Let h be y(-5). Let m = 96 - h. What is the remainder when m is divided by 46?
45
Let f(d) = 10*d**3 - 4*d**2 + 15*d - 4. Let u(z) = -2*z**3 + z**2 - 4*z + 1. Let r(c) = 2*f(c) + 9*u(c). Calculate the remainder when 156 is divided by r(2).
3
Let b(g) = 2*g**2 + 56*g + 61. Calculate the remainder when 209 is divided by b(-29).
90
Calculate the remainder when 620 is divided by (31/(-465) - 3631/(-15))*1.
136
Let n = -111 + -203. Let a = n + 376. Calculate the remainder when a is divided by 17.
11
Let g(q) = -88 + 43 + 38*q + 3. Calculate the remainder when g(4) is divided by 59.
51
Suppose -73*d = -1966 - 1757. Calculate the remainder when 6832 is divided by d.
49
Suppose -5884 + 702 = -110*y + 8568. Calculate the remainder when y is divided by 33.
26
Let c(y) be the se